site number?
True
Is 344475546241 composite?
False
Is 18477063443 a composite number?
False
Is 15456398831 prime?
False
Is 134992308151 a composite number?
False
Is 146866913 a prime number?
True
Is 273861244985 prime?
False
Is 1773054343 prime?
False
Is 998127929 prime?
True
Is 27292927199 a prime number?
False
Is 719305131 composite?
True
Is 1952996413 a composite number?
False
Is 8004618043 a composite number?
False
Is 557841071 prime?
False
Is 34739816819 composite?
False
Is 13795028099 a prime number?
True
Is 1089354163 prime?
False
Is 5238317087 a prime number?
False
Is 79572783721 a composite number?
True
Is 90985397539 a prime number?
False
Is 4650463751 a prime number?
False
Is 2974340393 a composite number?
False
Is 38860958117 a composite number?
False
Is 47645831293 a prime number?
False
Is 1551135013 a composite number?
True
Is 1455816721 prime?
True
Is 697998101 composite?
True
Is 9379579701 composite?
True
Is 3699704779 a prime number?
True
Is 11407095871 prime?
False
Is 15810986777 prime?
False
Is 2428209389 composite?
False
Is 45728128037 a composite number?
False
Is 138287693 a prime number?
False
Is 4990282345 composite?
True
Is 7459301483 a composite number?
True
Is 5957798963 a composite number?
False
Is 3280778933 a composite number?
False
Is 290733227 a composite number?
True
Is 111731689 prime?
False
Is 14579309533 a composite number?
False
Is 9919952827 a composite number?
False
Is 2876426981 a composite number?
False
Is 1501536721 prime?
False
Is 78521365313 a prime number?
True
Is 313545389 a composite number?
False
Is 1610315885 prime?
False
Is 3287271497 composite?
True
Is 9625314071 a composite number?
True
Is 76506751127 prime?
False
Is 8992232477 a prime number?
True
Is 2270239453 composite?
True
Is 184214489183 composite?
True
Is 6975842633 composite?
False
Is 9767836237 composite?
False
Is 7774993453 composite?
True
Is 781338587 composite?
False
Is 1196882103 a prime number?
False
Is 882946497229 a composite number?
False
Is 2103951847 composite?
False
Is 1937921793 prime?
False
Is 8287295851 a prime number?
False
Is 8660328571 a prime number?
False
Is 45259638874 a prime number?
False
Is 780968777 a prime number?
True
Is 46924215181 composite?
False
Is 19223635114 a prime number?
False
Is 691866797 a prime number?
False
Is 3865440823 composite?
False
Is 2427385693 prime?
True
Is 13530843409 a composite number?
False
Is 37970067677 prime?
True
Is 719197993 composite?
True
Is 22390717883 a prime number?
False
Is 11076202153 composite?
True
Is 15007867349 composite?
True
Is 2778255947 prime?
True
Is 1385037309 a prime number?
False
Is 1285132307 a prime number?
True
Is 1607746409 composite?
False
Is 2419855237 prime?
False
Is 16648682971 composite?
True
Is 71439733 prime?
False
Is 614699539 a prime number?
False
Is 1117128977 prime?
True
Is 16954807 a composite number?
True
Is 811208786 a prime number?
False
Is 4691931493 a prime number?
False
Is 42991130129 composite?
False
Is 48746176919 composite?
True
Is 18217099289 a composite number?
False
Is 271641704063 prime?
False
Is 5204386623 a composite number?
True
Is 17353573643 composite?
True
Is 447791693 a composite number?
False
Is 480506987 a composite number?
False
Is 54478707589 prime?
True
Is 788086423 composite?
True
Is 57892552829 composite?
False
Is 5868822097 a prime number?
True
Is 174028828489 a prime number?
True
Is 2073162079 a composite number?
False
Is 8555341687 a prime number?
False
Is 24338089019 prime?
True
Is 5318796797 prime?
False
Is 149221047655 a prime number?
False
Is 38522506307 prime?
True
Is 6184741 composite?
False
Is 1685034709 a composite number?
True
Is 6050509429 composite?
False
Is 595996706 prime?
False
Is 58280530499 composite?
True
Is 64547604299 a composite number?
False
Is 2401930463 composite?
False
Is 32232865109 a prime number?
True
Is 528099841 a prime number?
True
Is 215137472351 a prime number?
False
Is 9126188767 composite?
False
Is 1532076359 a composite number?
True
Is 7667400871 a composite number?
True
Is 11125929149 a composite number?
True
Is 5663027303 prime?
True
Is 1497498833 composite?
False
Is 10000572073 a prime number?
True
Is 34028587363 a prime number?
False
Is 94513747 a composite number?
True
Is 195616711 composite?
False
Is 553338671 prime?
False
Is 2344410197 composite?
False
Is 46095535193 a prime number?
False
Is 49774019 composite?
False
Is 1473803129 a composite number?
True
Is 10885058579 a composite number?
False
Is 14196019649 composite?
True
Is 33315794 a prime number?
False
Is 3017745455 a composite number?
True
Is 146536146019 composite?
True
Is 748958087 composite?
True
Is 4234937237 composite?
False
Is 62214478007 composite?
True
Is 495984887 prime?
False
Is 10891750967 prime?
True
Is 5473094183 a prime number?
True
Is 543079643 prime?
False
Is 10279622291 prime?
True
Is 6982035727 composite?
False
Is 4721167673 a prime number?
False
Is 109308314341 a prime number?
True
Is 46354505359 prime?
True
Is 26308147217 prime?
False
Is 345030233 composite?
True
Is 91915423 composite?
False
Is 20442752069 a composite number?
True
Is 201971513 a prime number?
True
Is 633611261 a composite number?
False
Is 374226749 a composite number?
True
Is 4465355963 composite?
False
Is 4100479241 a composite number?
False
Is 233463966423 a composite number?
True
Is 6942036949 a composite number?
False
Is 190438103 prime?
False
Is 6278314157 prime?
True
Is 409102867 a prime number?
True
Is 8340361811 composite?
False
Is 16660007521 prime?
True
Is 2773453 composite?
True
Is 15298317899 a prime number?
False
Is 994134949 a prime number?
True
Is 12633684289 a composite number?
False
Is 4713046133 a composite number?
False
Is 1359639737 composite?
False
Is 1163363779 a composite number?
False
Is 8021674679 prime?
True
Is 2845603619 a composite number?
True
Is 1350071513 a prime number?
False
Is 2062402217 composite?
True
Is 942500879 composite?
False
Is 23732500037 a prime number?
False
Is 260280942817 composite?
True
Is 11027819207 composite?
False
Is 1985174603 a prime number?
True
Is 15817088701 prime?
False
Is 759045691 a composite number?
False
Is 2243059717 a prime number?
False
Is 543484897 a composite number?
True
Is 4862004577 a composite number?
True
Is 986420287 a prime number?
False
Is 3531744823 composite?
False
Is 867587863 prime?
True
Is 1152232658 a prime number?
False
Is 4319700565 a prime number?
False
Is 34404833 prime?
False
Is 199493497 a prime number?
False
Is 30717388159 a prime number?
False
Is 128638141 a prime number?
True
Is 187271339 a composite number?
False
Is 237647999 a prime number?
True
Is 9738630731 composite?
False
Is 3052313 a prime number?
False
Is 31778405687 a prime number?
False
Is 13084001663 a composite number?
False
Is 5924243537 a prime number?
True
Is 1272011887 composite?
True
Is 42252857 a composite number?
False
Is 30626456647 a prime number?
True
Is 1358778439 a prime number?
False
Is 423448921 a composite number?
True
Is 425548741 prime?
True
Is 1263769709 a composite number?
False
Is 13426673197 a prime number?
False
Is 20908898107 a prime number?
False
Is 21626853509 composite?
False
Is 760218674 prime?
False
Is 49328047 prime?
False
Is 24613874795 a composite number?
True
Is 411237839 prime?
True
Is 1103344859 a composite number?
True
Is 875545207 a composite number?
False
Is 35887852991 composite?
False
Is 1090754429 a composite number?
False
Is 1017343381 a composite number?
True
Is 3851172089 a prime number?
False
Is 755746819 prime?
True
Is 3130515961 composite?
True
Is 20044471069 composite?
True
Is 59531081213 composite?
True
Is 54540747841 prime?
True
Is 8179822139 prime?
True
Is 452222311 a prime number?
True
Is 8293842607 a prime number?
True
Is 5933437318 a prime number?
False
Is 6766988153 a prime number?
False
Is 112292520177 prime?
False
Is 26440265617 a composite number?
False
Is 70332945961 prime?
True
Is 33960561307 prime?
False
Is 5656102009 prime?
False
Is 115521467 prime?
False
Is 109370453 a composite number?
False
Is 124892614039 a composite number?
True
Is 33424065659 prime?
True
Is 9435159607 composite?
False
Is 1414465531 prime?
True
Is 17420901766 a composite number?
True
Is 53754508433 prime?
False
Is 4553856799 prime?
True
Is 228